e 3?
-102002100211
Convert -461361 (base 7) to base 11.
-56808
Convert -346021 (base 9) to base 2.
-110010101110101000
What is -17cbba (base 16) in base 11?
-975731
What is 9769 (base 16) in base 11?
27138
What is 2bc588 (base 15) in base 16?
204f02
-1d039 (base 15) to base 5
-11011204
Convert 1101242010 (base 5) to base 13.
64c011
What is 632213 (base 12) in base 2?
101111100100110101111
Convert -39c49 (base 13) to base 14.
-2b29b
What is a76b5 (base 14) in base 12?
176253
-2a652 (base 13) to base 15
-18b4d
What is 2234945 (base 11) in base 15?
5252a9
100010101100111101000111 (base 2) to base 14
12cb35d
10324132 (base 5) to base 14
24780
Convert -10131022223 (base 4) to base 9.
-2170225
Convert -25040321 (base 6) to base 3.
-1111120021111
What is 458635 (base 9) in base 3?
111222201012
-52c43 (base 16) to base 15
-6a6ab
-1b35cc (base 13) to base 10
-693068
What is -76d3c (base 14) in base 4?
-1012103222
Convert -76a6 (base 14) to base 4.
-11000302
Convert -1cde90 (base 15) to base 5.
-330222120
111234 (base 7) to base 15
5c69
Convert 113b11 (base 12) to base 15.
56d34
12234424 (base 6) to base 8
1400760
-1644516 (base 7) to base 9
-380110
120331210 (base 4) to base 15
20464
What is -100011101110000101 (base 2) in base 12?
-70805
What is -30856 (base 9) in base 15?
-608c
Convert -110101100110101010100 (base 2) to base 7.
-20633664
What is 323503 (base 12) in base 14?
169455
What is 1106712 (base 9) in base 12?
248702
Convert -260026 (base 8) to base 14.
-24bc2
Convert -1011000122102122 (base 3) to base 2.
-111110111001001111010010
What is 102314120 (base 6) in base 2?
110110111000101000000
What is 1035303155 (base 6) in base 4?
222220032233
-15387 (base 14) to base 9
-80434
Convert -107496 (base 14) to base 3.
-1001100100202
What is 343a54 (base 16) in base 11?
1a28670
What is -7057567 (base 10) in base 8?
-32730237
Convert 2436e (base 16) to base 13.
52694
-521431 (base 14) to base 12
-b16897
Convert 122201220210 (base 3) to base 5.
42133011
-212102120011220 (base 3) to base 8
-57375643
What is 1386109 (base 12) in base 8?
16722431
What is 20210000200 (base 3) in base 4?
200210301
Convert -735c24 (base 13) to base 3.
-12002001122200
44201042 (base 6) to base 12
539182
What is 201011112200 (base 3) in base 15?
76bc9
-69313 (base 13) to base 12
-92aba
What is -11010111110001100 (base 2) in base 4?
-122332030
5006652 (base 10) to base 2
10011000110010100111100
What is -23622 (base 14) in base 7?
-506342
What is 885745 (base 9) in base 8?
2011355
What is 140525 (base 9) in base 11?
59449
Convert -17c822 (base 13) to base 16.
-923b4
Convert -34f2e (base 16) to base 11.
-138a42
Convert -21111021020 (base 3) to base 11.
-a0869
Convert 312333012 (base 4) to base 3.
102102221120
2111033 (base 6) to base 4
121003131
What is -110111010001100011 (base 2) in base 3?
-102111120022
-d59 (base 15) to base 11
-2296
112205120 (base 6) to base 16
1f9428
Convert -184171 (base 9) to base 6.
-2242314
Convert 105543 (base 6) to base 11.
689a
Convert 4422112404 (base 5) to base 14.
13b052c
859281 (base 10) to base 14
185213
What is 2430346 (base 7) in base 16?
4ba96
What is -2432443 (base 5) in base 6?
-552542
Convert -51daf0 (base 16) to base 10.
-5364464
-2503505 (base 6) to base 13
-48719
-20051552 (base 8) to base 12
-14b374a
2020100212011 (base 3) to base 4
10202011012
Convert -1843778 (base 11) to base 10.
-3123458
What is -108168 (base 9) in base 10?
-65024
What is 21e0d (base 16) in base 4?
201320031
-2b1ba (base 12) to base 6
-1145154
What is -11101001001100111011 (base 2) in base 6?
-32250111
What is 9712 (base 15) in base 8?
76337
Convert 34510410 (base 6) to base 15.
161123
-337ba8 (base 13) to base 6
-42025550
What is -86c7da (base 14) in base 15?
-603555
Convert -571164 (base 8) to base 15.
-3c360
What is -1234034 (base 5) in base 11?
-17263
What is 122255 (base 8) in base 3?
2010211101
What is 123016 (base 8) in base 14?
116c6
Convert 1405255 (base 7) to base 11.
118325
What is -da23d8 (base 15) in base 13?
-21c8321
395433 (base 10) to base 15
7c273
What is -108007 (base 14) in base 16?
-88aa7
-526341 (base 10) to base 16
-80805
Convert 3b0678 (base 12) to base 7.
11202110
What is 10220022122210 (base 3) in base 11?
1196550
Convert -763002 (base 9) to base 15.
-8ebb8
What is 1003103103 (base 4) in base 15?
56a2c
-1b900 (base 14) to base 2
-10001001011011100
Convert 330133104 (base 5) to base 10.
1411654
Convert 132023302 (base 4) to base 7.
1023310
What is 27205163 (base 8) in base 2?
10111010000101001110011
What is -20c41c6 (base 13) in base 7?
-151021315
-64343 (base 16) to base 2
-1100100001101000011
-1331312020 (base 5) to base 9
-6328630
What is -465660 (base 7) in base 6?
-1443233
What is -318282 (base 11) in base 14?
-d35b0
What is -5161441 (base 7) in base 12?
-25a98a
-1231203221 (base 4) to base 11
-287170
Convert 551d1a (base 14) to base 11.
16a1756
14077803 (base 9) to base 3
111002121220010
-3324a2 (base 16) to base 6
-155501110
-3770213 (base 8) to base 5
-231411434
Convert -246a22a (base 11) to base 15.
-59ab21
Convert 526a90 (base 15) to base 6.
220011400
-121bb1 (base 15) to base 5
-210213031
What is -6bc6d (base 15) in base 8?
-1237176
Convert 35144 (base 14) to base 11.
890a7
Convert 310331012 (base 4) to base 16.
34f46
Convert -1110100001001001100 (base 2) to base 10.
-475724
What is -2141400 (base 6) in base 11?
-73129
-2770834 (base 9) to base 2
-101110011110010001111
What is 2021205 (base 6) in base 14?
270b3
Convert -20220220220110 (base 3) to base 6.
-210505150
90d453 (base 14) to base 4
102212222101
What is 2132320001 (base 4) in base 11?
404a14
241502 (base 6) to base 15
63de
Convert -101310123 (base 5) to base 13.
-117632
What is 13330324 (base 5) in base 9?
227017
What is -54a11 (base 12) in base 5?
-12041140
439960 (base 10) to base 16
6b698
Convert -1131333322 (base 4) to base 13.
-10632a
Convert 125309 (base 11) to base 6.
4121412
Convert 100111010010010111 (base 2) to base 7.
1240103
What is -6736864 (base 9) in base 5?
-1412024002
-10001101100 (base 3) to base 10
-60057
What is a1aa26 (base 12) in base 11?
14771a6
What is -137a62a (base 13) in base 10?
-6163635
c036 (base 15) to base 7
226140
Convert -1001300211 (base 4) to base 8.
-1016045
Convert 32322300020 (base 4) to base 12.
1387148
Convert 1110000011002 (base 3) to base 15.
102732
What is 201b5 (base 13) in base 15?
12044
What is 402141404 (base 5) in base 14?
2d8d36
Convert 1075a4 (base 11) to base 2.
101001110001001111
What is -783499 (base 11) in base 13?
-3496c4
-2413777 (base 8) to base 2
-10100001011111111111
What is 323002311202 (base 4) in base 5?
12430244424
-34033542 (base 6) to base 9
-1841448
What is 1c7974 (base 13) in base 6?
23400204
Convert 1396014 (base 11) to base 13.
65ab71
Convert -1344124 (base 15) to base 16.
-d3de51
1312103230 (base 4) to base 15
988ad
Convert 3234663 (base 7) to base 8.
1404323
Convert b1da18 (base 14) to base 5.
3013222014
Convert 2320200 (base 6) to base 8.
351010
Convert 11022101121010 (base 3) to base 11.
1325255
Convert -101010000011 (base 3) to base 5.
-22332041
Convert 924df9 (base 16) to base 3.
200001010120011
-22277 (base 11) to base 5
-2013040
366170 (base 11) to base 6
20225223
-113545 (base 8) to base 16
-9765
Convert 1100000000000101011001 (base 2) to base 13.
861ca8
Convert -1893990 (base 11) to base 6.
-152304315
What is 10011111010001100100 (base 2) in base 6?
21552152
Convert 2a41583 (base 11) to base 2.
10011111001000000001111
-1e113 (base 16) to base 12
-5b32b
Convert 370031 (base 11) to base 9.
1082348
Convert -257587 (base 9) to base 6.
-3204254
What is -5dbdd (base 15) in base 12?
-125517
Convert a0d37 (base 16) to base 7.
5412351
101221102 (base 3) to base 8
17450
Convert -202211010102000 (base 3) to base 6.
-1033051430
19414c4 (base 13) to base 9
16527778
What is -6fb12 (base 16) in base 3?
-212020120002
-894a7 (base 11) to base 6
-2440300
What is 5180424 (base 9) in base 3?
12012200110211
What is -1113210304 (base 5) in base 4?
-21130122320
365104 (base 7) to base 3
10101100111
1bb068 (base 13) to base 9
1301484
Convert 505223 (base 6) to base 13.
152c7
2101200200012 (base 3) to base 7
13552214
What is -156880 (base 9) in base 10?
-96948
-12dc10 (base 15) to base 3
-1201002110120
Convert 128